{"id":1068,"date":"2024-05-06T14:34:48","date_gmt":"2024-05-06T14:34:48","guid":{"rendered":"https:\/\/siglo21.cr.sinlimitescr.xyz\/?page_id=1068"},"modified":"2024-05-06T15:10:52","modified_gmt":"2024-05-06T15:10:52","slug":"infosalud-material-de-descarga","status":"publish","type":"page","link":"https:\/\/siglo21.cr\/eng\/infosalud-material-de-descarga\/","title":{"rendered":"Download material"},"content":{"rendered":"<div data-elementor-type=\"wp-page\" data-elementor-id=\"1068\" class=\"elementor elementor-1068\">\n\t\t\t\t<div class=\"elementor-element elementor-element-9bb18ab e-con-full e-flex wpr-particle-no wpr-jarallax-no wpr-parallax-no wpr-sticky-section-no e-con e-parent\" data-id=\"9bb18ab\" data-element_type=\"container\">\n\t\t\t\t<div class=\"elementor-element elementor-element-3ee0a85 elementor-widget elementor-widget-heading\" data-id=\"3ee0a85\" data-element_type=\"widget\" data-widget_type=\"heading.default\">\n\t\t\t\t<div class=\"elementor-widget-container\">\n\t\t\t\t\t<h2 class=\"elementor-heading-title elementor-size-default\">Download Material<\/h2>\t\t\t\t<\/div>\n\t\t\t\t<\/div>\n\t\t\t\t<\/div>\n\t\t<div class=\"elementor-element elementor-element-995e956 e-flex e-con-boxed wpr-particle-no wpr-jarallax-no wpr-parallax-no wpr-sticky-section-no e-con e-parent\" data-id=\"995e956\" data-element_type=\"container\">\n\t\t\t\t\t<div class=\"e-con-inner\">\n\t\t<div class=\"elementor-element elementor-element-4122563 e-con-full e-flex wpr-particle-no wpr-jarallax-no wpr-parallax-no wpr-sticky-section-no e-con e-child\" data-id=\"4122563\" data-element_type=\"container\">\n\t\t\t\t<div class=\"elementor-element elementor-element-d9c10c3 elementor-widget elementor-widget-image\" data-id=\"d9c10c3\" data-element_type=\"widget\" data-widget_type=\"image.default\">\n\t\t\t\t<div class=\"elementor-widget-container\">\n\t\t\t\t\t\t\t\t\t\t\t\t\t\t\t<img fetchpriority=\"high\" decoding=\"async\" width=\"791\" height=\"1024\" src=\"https:\/\/siglo21.cr\/wp-content\/uploads\/2024\/05\/miniatura-preparacion-alimentos-evita-infecciones-791x1024.png\" class=\"attachment-large size-large wp-image-1080\" alt=\"\" srcset=\"https:\/\/siglo21.cr\/wp-content\/uploads\/2024\/05\/miniatura-preparacion-alimentos-evita-infecciones-791x1024.png 791w, https:\/\/siglo21.cr\/wp-content\/uploads\/2024\/05\/miniatura-preparacion-alimentos-evita-infecciones-232x300.png 232w, https:\/\/siglo21.cr\/wp-content\/uploads\/2024\/05\/miniatura-preparacion-alimentos-evita-infecciones-768x994.png 768w, https:\/\/siglo21.cr\/wp-content\/uploads\/2024\/05\/miniatura-preparacion-alimentos-evita-infecciones-1187x1536.png 1187w, https:\/\/siglo21.cr\/wp-content\/uploads\/2024\/05\/miniatura-preparacion-alimentos-evita-infecciones-1582x2048.png 1582w, https:\/\/siglo21.cr\/wp-content\/uploads\/2024\/05\/miniatura-preparacion-alimentos-evita-infecciones-9x12.png 9w, https:\/\/siglo21.cr\/wp-content\/uploads\/2024\/05\/miniatura-preparacion-alimentos-evita-infecciones.png 1936w\" sizes=\"(max-width: 791px) 100vw, 791px\" \/>\t\t\t\t\t\t\t\t\t\t\t\t\t\t\t<\/div>\n\t\t\t\t<\/div>\n\t\t\t\t<div class=\"elementor-element elementor-element-4290c76 elementor-widget elementor-widget-heading\" data-id=\"4290c76\" data-element_type=\"widget\" data-widget_type=\"heading.default\">\n\t\t\t\t<div class=\"elementor-widget-container\">\n\t\t\t\t\t<h2 class=\"elementor-heading-title elementor-size-default\">Prepare food well to avoid infections<\/h2>\t\t\t\t<\/div>\n\t\t\t\t<\/div>\n\t\t\t\t<div class=\"elementor-element elementor-element-2bd11c3 elementor-align-center elementor-widget elementor-widget-button\" data-id=\"2bd11c3\" data-element_type=\"widget\" data-widget_type=\"button.default\">\n\t\t\t\t<div class=\"elementor-widget-container\">\n\t\t\t\t\t\t\t\t\t<div class=\"elementor-button-wrapper\">\n\t\t\t\t\t<a class=\"elementor-button elementor-button-link elementor-size-sm\" href=\"https:\/\/siglo21.cr.sinlimitescr.xyz\/wp-content\/uploads\/2024\/05\/preparacion-alimentos-evita-infecciones-1.pdf\">\n\t\t\t\t\t\t<span class=\"elementor-button-content-wrapper\">\n\t\t\t\t\t\t\t\t\t<span class=\"elementor-button-text\">Download Here PDF<\/span>\n\t\t\t\t\t<\/span>\n\t\t\t\t\t<\/a>\n\t\t\t\t<\/div>\n\t\t\t\t\t\t\t\t<\/div>\n\t\t\t\t<\/div>\n\t\t\t\t<\/div>\n\t\t<div class=\"elementor-element elementor-element-e774082 e-con-full e-flex wpr-particle-no wpr-jarallax-no wpr-parallax-no wpr-sticky-section-no e-con e-child\" data-id=\"e774082\" data-element_type=\"container\">\n\t\t\t\t<div class=\"elementor-element elementor-element-292810f elementor-widget elementor-widget-image\" data-id=\"292810f\" data-element_type=\"widget\" data-widget_type=\"image.default\">\n\t\t\t\t<div class=\"elementor-widget-container\">\n\t\t\t\t\t\t\t\t\t\t\t\t\t\t\t<img decoding=\"async\" width=\"791\" height=\"1024\" src=\"https:\/\/siglo21.cr\/wp-content\/uploads\/2024\/05\/miniatura-generalidades-nutricion-pacientes-con-cancer-791x1024.png\" class=\"attachment-large size-large wp-image-1082\" alt=\"\" srcset=\"https:\/\/siglo21.cr\/wp-content\/uploads\/2024\/05\/miniatura-generalidades-nutricion-pacientes-con-cancer-791x1024.png 791w, https:\/\/siglo21.cr\/wp-content\/uploads\/2024\/05\/miniatura-generalidades-nutricion-pacientes-con-cancer-232x300.png 232w, https:\/\/siglo21.cr\/wp-content\/uploads\/2024\/05\/miniatura-generalidades-nutricion-pacientes-con-cancer-768x994.png 768w, https:\/\/siglo21.cr\/wp-content\/uploads\/2024\/05\/miniatura-generalidades-nutricion-pacientes-con-cancer-1186x1536.png 1186w, https:\/\/siglo21.cr\/wp-content\/uploads\/2024\/05\/miniatura-generalidades-nutricion-pacientes-con-cancer-1582x2048.png 1582w, https:\/\/siglo21.cr\/wp-content\/uploads\/2024\/05\/miniatura-generalidades-nutricion-pacientes-con-cancer-9x12.png 9w, https:\/\/siglo21.cr\/wp-content\/uploads\/2024\/05\/miniatura-generalidades-nutricion-pacientes-con-cancer.png 1940w\" sizes=\"(max-width: 791px) 100vw, 791px\" \/>\t\t\t\t\t\t\t\t\t\t\t\t\t\t\t<\/div>\n\t\t\t\t<\/div>\n\t\t\t\t<div class=\"elementor-element elementor-element-0d3b258 elementor-widget elementor-widget-heading\" data-id=\"0d3b258\" data-element_type=\"widget\" data-widget_type=\"heading.default\">\n\t\t\t\t<div class=\"elementor-widget-container\">\n\t\t\t\t\t<h2 class=\"elementor-heading-title elementor-size-default\">Nutrition generalities for cancer patients<\/h2>\t\t\t\t<\/div>\n\t\t\t\t<\/div>\n\t\t\t\t<div class=\"elementor-element elementor-element-a7a7290 elementor-align-center elementor-widget elementor-widget-button\" data-id=\"a7a7290\" data-element_type=\"widget\" data-widget_type=\"button.default\">\n\t\t\t\t<div class=\"elementor-widget-container\">\n\t\t\t\t\t\t\t\t\t<div class=\"elementor-button-wrapper\">\n\t\t\t\t\t<a class=\"elementor-button elementor-button-link elementor-size-sm\" href=\"https:\/\/siglo21.cr.sinlimitescr.xyz\/wp-content\/uploads\/2024\/05\/generalidades-nutricion-pacientes-con-cancer.pdf\">\n\t\t\t\t\t\t<span class=\"elementor-button-content-wrapper\">\n\t\t\t\t\t\t\t\t\t<span class=\"elementor-button-text\">Download Here PDF<\/span>\n\t\t\t\t\t<\/span>\n\t\t\t\t\t<\/a>\n\t\t\t\t<\/div>\n\t\t\t\t\t\t\t\t<\/div>\n\t\t\t\t<\/div>\n\t\t\t\t<\/div>\n\t\t<div class=\"elementor-element elementor-element-a5e5440 e-con-full e-flex wpr-particle-no wpr-jarallax-no wpr-parallax-no wpr-sticky-section-no e-con e-child\" data-id=\"a5e5440\" data-element_type=\"container\">\n\t\t\t\t<div class=\"elementor-element elementor-element-436201c elementor-widget elementor-widget-image\" data-id=\"436201c\" data-element_type=\"widget\" data-widget_type=\"image.default\">\n\t\t\t\t<div class=\"elementor-widget-container\">\n\t\t\t\t\t\t\t\t\t\t\t\t\t\t\t<img decoding=\"async\" width=\"791\" height=\"1024\" src=\"https:\/\/siglo21.cr\/wp-content\/uploads\/2024\/05\/miniatura-recomendaciones-para-el-inicio-de-ano-791x1024.png\" class=\"attachment-large size-large wp-image-1083\" alt=\"\" srcset=\"https:\/\/siglo21.cr\/wp-content\/uploads\/2024\/05\/miniatura-recomendaciones-para-el-inicio-de-ano-791x1024.png 791w, https:\/\/siglo21.cr\/wp-content\/uploads\/2024\/05\/miniatura-recomendaciones-para-el-inicio-de-ano-232x300.png 232w, https:\/\/siglo21.cr\/wp-content\/uploads\/2024\/05\/miniatura-recomendaciones-para-el-inicio-de-ano-768x995.png 768w, https:\/\/siglo21.cr\/wp-content\/uploads\/2024\/05\/miniatura-recomendaciones-para-el-inicio-de-ano-1186x1536.png 1186w, https:\/\/siglo21.cr\/wp-content\/uploads\/2024\/05\/miniatura-recomendaciones-para-el-inicio-de-ano-1581x2048.png 1581w, https:\/\/siglo21.cr\/wp-content\/uploads\/2024\/05\/miniatura-recomendaciones-para-el-inicio-de-ano-9x12.png 9w, https:\/\/siglo21.cr\/wp-content\/uploads\/2024\/05\/miniatura-recomendaciones-para-el-inicio-de-ano.png 1938w\" sizes=\"(max-width: 791px) 100vw, 791px\" \/>\t\t\t\t\t\t\t\t\t\t\t\t\t\t\t<\/div>\n\t\t\t\t<\/div>\n\t\t\t\t<div class=\"elementor-element elementor-element-084f79d elementor-widget elementor-widget-heading\" data-id=\"084f79d\" data-element_type=\"widget\" data-widget_type=\"heading.default\">\n\t\t\t\t<div class=\"elementor-widget-container\">\n\t\t\t\t\t<h2 class=\"elementor-heading-title elementor-size-default\">Recommendations for the beginning of the year<\/h2>\t\t\t\t<\/div>\n\t\t\t\t<\/div>\n\t\t\t\t<div class=\"elementor-element elementor-element-109c1ab elementor-align-center elementor-widget elementor-widget-button\" data-id=\"109c1ab\" data-element_type=\"widget\" data-widget_type=\"button.default\">\n\t\t\t\t<div class=\"elementor-widget-container\">\n\t\t\t\t\t\t\t\t\t<div class=\"elementor-button-wrapper\">\n\t\t\t\t\t<a class=\"elementor-button elementor-button-link elementor-size-sm\" href=\"https:\/\/siglo21.cr.sinlimitescr.xyz\/wp-content\/uploads\/2024\/05\/recomendaciones-para-el-inicio-de-ano.pdf\">\n\t\t\t\t\t\t<span class=\"elementor-button-content-wrapper\">\n\t\t\t\t\t\t\t\t\t<span class=\"elementor-button-text\">Download Here PDF<\/span>\n\t\t\t\t\t<\/span>\n\t\t\t\t\t<\/a>\n\t\t\t\t<\/div>\n\t\t\t\t\t\t\t\t<\/div>\n\t\t\t\t<\/div>\n\t\t\t\t<\/div>\n\t\t<div class=\"elementor-element elementor-element-df08105 e-con-full e-flex wpr-particle-no wpr-jarallax-no wpr-parallax-no wpr-sticky-section-no e-con e-child\" data-id=\"df08105\" data-element_type=\"container\">\n\t\t\t\t<div class=\"elementor-element elementor-element-4bfd10e elementor-widget elementor-widget-image\" data-id=\"4bfd10e\" data-element_type=\"widget\" data-widget_type=\"image.default\">\n\t\t\t\t<div class=\"elementor-widget-container\">\n\t\t\t\t\t\t\t\t\t\t\t\t\t\t\t<img loading=\"lazy\" decoding=\"async\" width=\"790\" height=\"1024\" src=\"https:\/\/siglo21.cr\/wp-content\/uploads\/2024\/05\/miniatura-efectos-secundarios-tratamiento-concologico-790x1024.png\" class=\"attachment-large size-large wp-image-1084\" alt=\"\" srcset=\"https:\/\/siglo21.cr\/wp-content\/uploads\/2024\/05\/miniatura-efectos-secundarios-tratamiento-concologico-790x1024.png 790w, https:\/\/siglo21.cr\/wp-content\/uploads\/2024\/05\/miniatura-efectos-secundarios-tratamiento-concologico-231x300.png 231w, https:\/\/siglo21.cr\/wp-content\/uploads\/2024\/05\/miniatura-efectos-secundarios-tratamiento-concologico-768x996.png 768w, https:\/\/siglo21.cr\/wp-content\/uploads\/2024\/05\/miniatura-efectos-secundarios-tratamiento-concologico-1185x1536.png 1185w, https:\/\/siglo21.cr\/wp-content\/uploads\/2024\/05\/miniatura-efectos-secundarios-tratamiento-concologico-1580x2048.png 1580w, https:\/\/siglo21.cr\/wp-content\/uploads\/2024\/05\/miniatura-efectos-secundarios-tratamiento-concologico-9x12.png 9w, https:\/\/siglo21.cr\/wp-content\/uploads\/2024\/05\/miniatura-efectos-secundarios-tratamiento-concologico.png 1936w\" sizes=\"(max-width: 790px) 100vw, 790px\" \/>\t\t\t\t\t\t\t\t\t\t\t\t\t\t\t<\/div>\n\t\t\t\t<\/div>\n\t\t\t\t<div class=\"elementor-element elementor-element-ea9632f elementor-widget elementor-widget-heading\" data-id=\"ea9632f\" data-element_type=\"widget\" data-widget_type=\"heading.default\">\n\t\t\t\t<div class=\"elementor-widget-container\">\n\t\t\t\t\t<h2 class=\"elementor-heading-title elementor-size-default\">Oncological treatment side effects<\/h2>\t\t\t\t<\/div>\n\t\t\t\t<\/div>\n\t\t\t\t<div class=\"elementor-element elementor-element-eec1109 elementor-align-center elementor-widget elementor-widget-button\" data-id=\"eec1109\" data-element_type=\"widget\" data-widget_type=\"button.default\">\n\t\t\t\t<div class=\"elementor-widget-container\">\n\t\t\t\t\t\t\t\t\t<div class=\"elementor-button-wrapper\">\n\t\t\t\t\t<a class=\"elementor-button elementor-button-link elementor-size-sm\" href=\"https:\/\/siglo21.cr.sinlimitescr.xyz\/wp-content\/uploads\/2024\/05\/efectos-secundarios-tratamiento-concologico.pdf\">\n\t\t\t\t\t\t<span class=\"elementor-button-content-wrapper\">\n\t\t\t\t\t\t\t\t\t<span class=\"elementor-button-text\">Download Here PDF<\/span>\n\t\t\t\t\t<\/span>\n\t\t\t\t\t<\/a>\n\t\t\t\t<\/div>\n\t\t\t\t\t\t\t\t<\/div>\n\t\t\t\t<\/div>\n\t\t\t\t<\/div>\n\t\t\t\t\t<\/div>\n\t\t\t\t<\/div>\n\t\t\t\t<\/div>","protected":false},"excerpt":{"rendered":"<p>Material de Descarga Prepare bien los alimentos para evitar infecciones Descargar Aqu\u00ed PDF Generalidades de nutrici\u00f3n pacientes con c\u00e1ncer Descargar Aqu\u00ed PDF Recomendaciones para inicio de a\u00f1o Descargar Aqu\u00ed PDF Efectos secundarios tratamiento oncol\u00f3gico Descargar Aqu\u00ed PDF<\/p>","protected":false},"author":1,"featured_media":1069,"parent":0,"menu_order":0,"comment_status":"closed","ping_status":"closed","template":"elementor_header_footer","meta":{"_acf_changed":false,"inline_featured_image":false,"_joinchat":[],"footnotes":""},"class_list":["post-1068","page","type-page","status-publish","has-post-thumbnail","hentry"],"acf":[],"yoast_head":"<!-- This site is optimized with the Yoast SEO plugin v25.2 - https:\/\/yoast.com\/wordpress\/plugins\/seo\/ -->\n<title>Material de descarga - SigloXXI - Centro Me\u0301dico de Radioterapia<\/title>\n<meta name=\"robots\" content=\"index, follow, max-snippet:-1, max-image-preview:large, max-video-preview:-1\" \/>\n<link rel=\"canonical\" href=\"https:\/\/siglo21.cr\/eng\/infosalud-material-de-descarga\/\" \/>\n<meta property=\"og:locale\" content=\"en_US\" \/>\n<meta property=\"og:type\" content=\"article\" \/>\n<meta property=\"og:title\" content=\"Material de descarga - SigloXXI - Centro Me\u0301dico de Radioterapia\" \/>\n<meta property=\"og:description\" content=\"Material de Descarga Prepare bien los alimentos para evitar infecciones Descargar Aqu\u00ed PDF Generalidades de nutrici\u00f3n pacientes con c\u00e1ncer Descargar Aqu\u00ed PDF Recomendaciones para inicio de a\u00f1o Descargar Aqu\u00ed PDF Efectos secundarios tratamiento oncol\u00f3gico Descargar Aqu\u00ed PDF\" \/>\n<meta property=\"og:url\" content=\"https:\/\/siglo21.cr\/eng\/infosalud-material-de-descarga\/\" \/>\n<meta property=\"og:site_name\" content=\"SigloXXI - Centro Me\u0301dico de Radioterapia\" \/>\n<meta property=\"article:publisher\" content=\"https:\/\/www.facebook.com\/sigloXXIcr\/\" \/>\n<meta property=\"article:modified_time\" content=\"2024-05-06T15:10:52+00:00\" \/>\n<meta property=\"og:image\" content=\"https:\/\/siglo21.cr\/wp-content\/uploads\/2024\/05\/descargas.png\" \/>\n\t<meta property=\"og:image:width\" content=\"410\" \/>\n\t<meta property=\"og:image:height\" content=\"215\" \/>\n\t<meta property=\"og:image:type\" content=\"image\/png\" \/>\n<meta name=\"twitter:card\" content=\"summary_large_image\" \/>\n<meta name=\"twitter:site\" content=\"@siglo21cr\" \/>\n<script type=\"application\/ld+json\" class=\"yoast-schema-graph\">{\"@context\":\"https:\/\/schema.org\",\"@graph\":[{\"@type\":\"WebPage\",\"@id\":\"https:\/\/siglo21.cr\/infosalud-material-de-descarga\/\",\"url\":\"https:\/\/siglo21.cr\/infosalud-material-de-descarga\/\",\"name\":\"Material de descarga - SigloXXI - Centro Me\u0301dico de Radioterapia\",\"isPartOf\":{\"@id\":\"https:\/\/siglo21.cr\/#website\"},\"primaryImageOfPage\":{\"@id\":\"https:\/\/siglo21.cr\/infosalud-material-de-descarga\/#primaryimage\"},\"image\":{\"@id\":\"https:\/\/siglo21.cr\/infosalud-material-de-descarga\/#primaryimage\"},\"thumbnailUrl\":\"https:\/\/siglo21.cr\/wp-content\/uploads\/2024\/05\/descargas.png\",\"datePublished\":\"2024-05-06T14:34:48+00:00\",\"dateModified\":\"2024-05-06T15:10:52+00:00\",\"breadcrumb\":{\"@id\":\"https:\/\/siglo21.cr\/infosalud-material-de-descarga\/#breadcrumb\"},\"inLanguage\":\"en-US\",\"potentialAction\":[{\"@type\":\"ReadAction\",\"target\":[\"https:\/\/siglo21.cr\/infosalud-material-de-descarga\/\"]}]},{\"@type\":\"ImageObject\",\"inLanguage\":\"en-US\",\"@id\":\"https:\/\/siglo21.cr\/infosalud-material-de-descarga\/#primaryimage\",\"url\":\"https:\/\/siglo21.cr\/wp-content\/uploads\/2024\/05\/descargas.png\",\"contentUrl\":\"https:\/\/siglo21.cr\/wp-content\/uploads\/2024\/05\/descargas.png\",\"width\":410,\"height\":215},{\"@type\":\"BreadcrumbList\",\"@id\":\"https:\/\/siglo21.cr\/infosalud-material-de-descarga\/#breadcrumb\",\"itemListElement\":[{\"@type\":\"ListItem\",\"position\":1,\"name\":\"Portada\",\"item\":\"https:\/\/siglo21.cr\/\"},{\"@type\":\"ListItem\",\"position\":2,\"name\":\"Material de descarga\"}]},{\"@type\":\"WebSite\",\"@id\":\"https:\/\/siglo21.cr\/#website\",\"url\":\"https:\/\/siglo21.cr\/\",\"name\":\"SigloXXI - Centro Me\u0301dico de Radioterapia\",\"description\":\"Centro me\u0301dico de Radioterapia Siglo XXI esta\u0301 enfocado en la atencio\u0301n del paciente oncolo\u0301gico, alta tecnologi\u0301a para combatir el ca\u0301ncer\",\"publisher\":{\"@id\":\"https:\/\/siglo21.cr\/#organization\"},\"potentialAction\":[{\"@type\":\"SearchAction\",\"target\":{\"@type\":\"EntryPoint\",\"urlTemplate\":\"https:\/\/siglo21.cr\/?s={search_term_string}\"},\"query-input\":{\"@type\":\"PropertyValueSpecification\",\"valueRequired\":true,\"valueName\":\"search_term_string\"}}],\"inLanguage\":\"en-US\"},{\"@type\":\"Organization\",\"@id\":\"https:\/\/siglo21.cr\/#organization\",\"name\":\"SigloXXI - Centro Me\u0301dico de Radioterapia\",\"url\":\"https:\/\/siglo21.cr\/\",\"logo\":{\"@type\":\"ImageObject\",\"inLanguage\":\"en-US\",\"@id\":\"https:\/\/siglo21.cr\/#\/schema\/logo\/image\/\",\"url\":\"https:\/\/siglo21.cr\/wp-content\/uploads\/2024\/04\/logo-siglo-21-radioterapia.png\",\"contentUrl\":\"https:\/\/siglo21.cr\/wp-content\/uploads\/2024\/04\/logo-siglo-21-radioterapia.png\",\"width\":255,\"height\":90,\"caption\":\"SigloXXI - Centro Me\u0301dico de Radioterapia\"},\"image\":{\"@id\":\"https:\/\/siglo21.cr\/#\/schema\/logo\/image\/\"},\"sameAs\":[\"https:\/\/www.facebook.com\/sigloXXIcr\/\",\"https:\/\/x.com\/siglo21cr\",\"https:\/\/www.instagram.com\/radioterapia_siglo21\/\",\"https:\/\/www.youtube.com\/channel\/UCOp1HTiyQqULVE_JHqIX_zQ\"]}]}<\/script>\n<!-- \/ Yoast SEO plugin. -->","yoast_head_json":{"title":"Material de descarga - SigloXXI - Centro Me\u0301dico de Radioterapia","robots":{"index":"index","follow":"follow","max-snippet":"max-snippet:-1","max-image-preview":"max-image-preview:large","max-video-preview":"max-video-preview:-1"},"canonical":"https:\/\/siglo21.cr\/eng\/infosalud-material-de-descarga\/","og_locale":"en_US","og_type":"article","og_title":"Material de descarga - SigloXXI - Centro Me\u0301dico de Radioterapia","og_description":"Material de Descarga Prepare bien los alimentos para evitar infecciones Descargar Aqu\u00ed PDF Generalidades de nutrici\u00f3n pacientes con c\u00e1ncer Descargar Aqu\u00ed PDF Recomendaciones para inicio de a\u00f1o Descargar Aqu\u00ed PDF Efectos secundarios tratamiento oncol\u00f3gico Descargar Aqu\u00ed PDF","og_url":"https:\/\/siglo21.cr\/eng\/infosalud-material-de-descarga\/","og_site_name":"SigloXXI - Centro Me\u0301dico de Radioterapia","article_publisher":"https:\/\/www.facebook.com\/sigloXXIcr\/","article_modified_time":"2024-05-06T15:10:52+00:00","og_image":[{"width":410,"height":215,"url":"https:\/\/siglo21.cr\/wp-content\/uploads\/2024\/05\/descargas.png","type":"image\/png"}],"twitter_card":"summary_large_image","twitter_site":"@siglo21cr","schema":{"@context":"https:\/\/schema.org","@graph":[{"@type":"WebPage","@id":"https:\/\/siglo21.cr\/infosalud-material-de-descarga\/","url":"https:\/\/siglo21.cr\/infosalud-material-de-descarga\/","name":"Material de descarga - SigloXXI - Centro Me\u0301dico de Radioterapia","isPartOf":{"@id":"https:\/\/siglo21.cr\/#website"},"primaryImageOfPage":{"@id":"https:\/\/siglo21.cr\/infosalud-material-de-descarga\/#primaryimage"},"image":{"@id":"https:\/\/siglo21.cr\/infosalud-material-de-descarga\/#primaryimage"},"thumbnailUrl":"https:\/\/siglo21.cr\/wp-content\/uploads\/2024\/05\/descargas.png","datePublished":"2024-05-06T14:34:48+00:00","dateModified":"2024-05-06T15:10:52+00:00","breadcrumb":{"@id":"https:\/\/siglo21.cr\/infosalud-material-de-descarga\/#breadcrumb"},"inLanguage":"en-US","potentialAction":[{"@type":"ReadAction","target":["https:\/\/siglo21.cr\/infosalud-material-de-descarga\/"]}]},{"@type":"ImageObject","inLanguage":"en-US","@id":"https:\/\/siglo21.cr\/infosalud-material-de-descarga\/#primaryimage","url":"https:\/\/siglo21.cr\/wp-content\/uploads\/2024\/05\/descargas.png","contentUrl":"https:\/\/siglo21.cr\/wp-content\/uploads\/2024\/05\/descargas.png","width":410,"height":215},{"@type":"BreadcrumbList","@id":"https:\/\/siglo21.cr\/infosalud-material-de-descarga\/#breadcrumb","itemListElement":[{"@type":"ListItem","position":1,"name":"Portada","item":"https:\/\/siglo21.cr\/"},{"@type":"ListItem","position":2,"name":"Material de descarga"}]},{"@type":"WebSite","@id":"https:\/\/siglo21.cr\/#website","url":"https:\/\/siglo21.cr\/","name":"SigloXXI - Centro Me\u0301dico de Radioterapia","description":"Centro me\u0301dico de Radioterapia Siglo XXI esta\u0301 enfocado en la atencio\u0301n del paciente oncolo\u0301gico, alta tecnologi\u0301a para combatir el ca\u0301ncer","publisher":{"@id":"https:\/\/siglo21.cr\/#organization"},"potentialAction":[{"@type":"SearchAction","target":{"@type":"EntryPoint","urlTemplate":"https:\/\/siglo21.cr\/?s={search_term_string}"},"query-input":{"@type":"PropertyValueSpecification","valueRequired":true,"valueName":"search_term_string"}}],"inLanguage":"en-US"},{"@type":"Organization","@id":"https:\/\/siglo21.cr\/#organization","name":"SigloXXI - Centro Me\u0301dico de Radioterapia","url":"https:\/\/siglo21.cr\/","logo":{"@type":"ImageObject","inLanguage":"en-US","@id":"https:\/\/siglo21.cr\/#\/schema\/logo\/image\/","url":"https:\/\/siglo21.cr\/wp-content\/uploads\/2024\/04\/logo-siglo-21-radioterapia.png","contentUrl":"https:\/\/siglo21.cr\/wp-content\/uploads\/2024\/04\/logo-siglo-21-radioterapia.png","width":255,"height":90,"caption":"SigloXXI - Centro Me\u0301dico de Radioterapia"},"image":{"@id":"https:\/\/siglo21.cr\/#\/schema\/logo\/image\/"},"sameAs":["https:\/\/www.facebook.com\/sigloXXIcr\/","https:\/\/x.com\/siglo21cr","https:\/\/www.instagram.com\/radioterapia_siglo21\/","https:\/\/www.youtube.com\/channel\/UCOp1HTiyQqULVE_JHqIX_zQ"]}]}},"_links":{"self":[{"href":"https:\/\/siglo21.cr\/eng\/wp-json\/wp\/v2\/pages\/1068","targetHints":{"allow":["GET"]}}],"collection":[{"href":"https:\/\/siglo21.cr\/eng\/wp-json\/wp\/v2\/pages"}],"about":[{"href":"https:\/\/siglo21.cr\/eng\/wp-json\/wp\/v2\/types\/page"}],"author":[{"embeddable":true,"href":"https:\/\/siglo21.cr\/eng\/wp-json\/wp\/v2\/users\/1"}],"replies":[{"embeddable":true,"href":"https:\/\/siglo21.cr\/eng\/wp-json\/wp\/v2\/comments?post=1068"}],"version-history":[{"count":14,"href":"https:\/\/siglo21.cr\/eng\/wp-json\/wp\/v2\/pages\/1068\/revisions"}],"predecessor-version":[{"id":1098,"href":"https:\/\/siglo21.cr\/eng\/wp-json\/wp\/v2\/pages\/1068\/revisions\/1098"}],"wp:featuredmedia":[{"embeddable":true,"href":"https:\/\/siglo21.cr\/eng\/wp-json\/wp\/v2\/media\/1069"}],"wp:attachment":[{"href":"https:\/\/siglo21.cr\/eng\/wp-json\/wp\/v2\/media?parent=1068"}],"curies":[{"name":"wp","href":"https:\/\/api.w.org\/{rel}","templated":true}]}}