{"id":289,"date":"2024-04-23T21:04:43","date_gmt":"2024-04-23T21:04:43","guid":{"rendered":"https:\/\/siglo21.cr.sinlimitescr.xyz\/?page_id=289"},"modified":"2025-07-16T17:02:24","modified_gmt":"2025-07-16T23:02:24","slug":"tipos-de-cancer","status":"publish","type":"page","link":"https:\/\/siglo21.cr\/eng\/tipos-de-cancer\/","title":{"rendered":"TYPES OF CANCER"},"content":{"rendered":"<div data-elementor-type=\"wp-page\" data-elementor-id=\"289\" class=\"elementor elementor-289\">\n\t\t\t\t<div class=\"elementor-element elementor-element-6dfe4ec e-flex e-con-boxed wpr-particle-no wpr-jarallax-no wpr-parallax-no wpr-sticky-section-no e-con e-parent\" data-id=\"6dfe4ec\" data-element_type=\"container\">\n\t\t\t\t\t<div class=\"e-con-inner\">\n\t\t\t\t<div class=\"elementor-element elementor-element-9fa6c98 elementor-widget elementor-widget-heading\" data-id=\"9fa6c98\" data-element_type=\"widget\" data-widget_type=\"heading.default\">\n\t\t\t\t<div class=\"elementor-widget-container\">\n\t\t\t\t\t<h2 class=\"elementor-heading-title elementor-size-default\">Types of cancer<\/h2>\t\t\t\t<\/div>\n\t\t\t\t<\/div>\n\t\t\t\t\t<\/div>\n\t\t\t\t<\/div>\n\t\t<div class=\"elementor-element elementor-element-60a3ecf e-con-full e-flex wpr-particle-no wpr-jarallax-no wpr-parallax-no wpr-sticky-section-no e-con e-parent\" data-id=\"60a3ecf\" data-element_type=\"container\">\n\t\t\t\t<div class=\"elementor-element elementor-element-6d16b21 raven-advaned-posts-equal-height-yes elementor-widget elementor-widget-raven-advanced-posts\" data-id=\"6d16b21\" data-element_type=\"widget\" data-settings=\"{&quot;general_layout&quot;:&quot;grid&quot;,&quot;columns&quot;:&quot;3&quot;,&quot;columns_tablet&quot;:&quot;2&quot;,&quot;columns_mobile&quot;:&quot;1&quot;,&quot;query_posts_per_page&quot;:6,&quot;query_offset&quot;:0}\" data-widget_type=\"raven-advanced-posts.default\">\n\t\t\t\t<div class=\"elementor-widget-container\">\n\t\t\t\t\t\t\t<div class=\"raven-posts raven-posts-grid\">\r\n\t\t\t\t\t\t<div class=\"advanced-posts-content content-layout-overlay raven-grid raven-grid-3 raven-grid-mobile-1 raven-grid-tablet-2\" data-post-id=\"289\" data-archive-query=\"\">\r\n\t\t\t\t<div class=\"raven-posts-item raven-grid-item\"><div class=\"raven-post-wrapper\"><div class=\"raven-post  raven-post-inside\"><div class=\"raven-post-image-wrap\"><a class=\"raven-post-image\" href=\"https:\/\/siglo21.cr\/eng\/2024\/04\/23\/cancer-colorrectal\/\"> <img fetchpriority=\"high\" decoding=\"async\" width=\"350\" height=\"500\" src=\"https:\/\/siglo21.cr\/wp-content\/uploads\/2024\/04\/cancer-colorectal.jpg\" class=\"attachment-large size-large wp-image-287\" alt=\"\" srcset=\"https:\/\/siglo21.cr\/wp-content\/uploads\/2024\/04\/cancer-colorectal.jpg 350w, https:\/\/siglo21.cr\/wp-content\/uploads\/2024\/04\/cancer-colorectal-210x300.jpg 210w\" sizes=\"(max-width: 350px) 100vw, 350px\" \/><span class=\"raven-post-image-overlay\"><\/span><\/a><\/div><div class=\"raven-post-content-container\"><div class=\"raven-post-content\"><h3 class=\"raven-post-title\"><a class=\"raven-post-title-link\" href=\"https:\/\/siglo21.cr\/eng\/2024\/04\/23\/cancer-colorrectal\/\">Colorectal cancer<\/a><\/h3><div class=\"raven-post-read-more\"><a class=\"raven-post-button\" href=\"https:\/\/siglo21.cr\/eng\/2024\/04\/23\/cancer-colorrectal\/\"><span class=\"raven-post-button-text\">Know more<\/span><\/a><\/div><\/div><\/div><\/div><\/div><\/div><div class=\"raven-posts-item raven-grid-item\"><div class=\"raven-post-wrapper\"><div class=\"raven-post  raven-post-inside\"><div class=\"raven-post-image-wrap\"><a class=\"raven-post-image\" href=\"https:\/\/siglo21.cr\/eng\/2024\/04\/23\/cancer-de-cervix\/\"> <img decoding=\"async\" width=\"350\" height=\"500\" src=\"https:\/\/siglo21.cr\/wp-content\/uploads\/2024\/04\/cancer-de-cervix.jpg\" class=\"attachment-large size-large wp-image-285\" alt=\"\" srcset=\"https:\/\/siglo21.cr\/wp-content\/uploads\/2024\/04\/cancer-de-cervix.jpg 350w, https:\/\/siglo21.cr\/wp-content\/uploads\/2024\/04\/cancer-de-cervix-210x300.jpg 210w\" sizes=\"(max-width: 350px) 100vw, 350px\" \/><span class=\"raven-post-image-overlay\"><\/span><\/a><\/div><div class=\"raven-post-content-container\"><div class=\"raven-post-content\"><h3 class=\"raven-post-title\"><a class=\"raven-post-title-link\" href=\"https:\/\/siglo21.cr\/eng\/2024\/04\/23\/cancer-de-cervix\/\">Cervical Cancer<\/a><\/h3><div class=\"raven-post-read-more\"><a class=\"raven-post-button\" href=\"https:\/\/siglo21.cr\/eng\/2024\/04\/23\/cancer-de-cervix\/\"><span class=\"raven-post-button-text\">Know more<\/span><\/a><\/div><\/div><\/div><\/div><\/div><\/div><div class=\"raven-posts-item raven-grid-item\"><div class=\"raven-post-wrapper\"><div class=\"raven-post  raven-post-inside\"><div class=\"raven-post-image-wrap\"><a class=\"raven-post-image\" href=\"https:\/\/siglo21.cr\/eng\/2024\/04\/23\/cancer-gastrico\/\"> <img decoding=\"async\" width=\"350\" height=\"500\" src=\"https:\/\/siglo21.cr\/wp-content\/uploads\/2024\/04\/cancer-gastrico.jpg\" class=\"attachment-large size-large wp-image-284\" alt=\"\" srcset=\"https:\/\/siglo21.cr\/wp-content\/uploads\/2024\/04\/cancer-gastrico.jpg 350w, https:\/\/siglo21.cr\/wp-content\/uploads\/2024\/04\/cancer-gastrico-210x300.jpg 210w\" sizes=\"(max-width: 350px) 100vw, 350px\" \/><span class=\"raven-post-image-overlay\"><\/span><\/a><\/div><div class=\"raven-post-content-container\"><div class=\"raven-post-content\"><h3 class=\"raven-post-title\"><a class=\"raven-post-title-link\" href=\"https:\/\/siglo21.cr\/eng\/2024\/04\/23\/cancer-gastrico\/\">Gastric cancer<\/a><\/h3><div class=\"raven-post-read-more\"><a class=\"raven-post-button\" href=\"https:\/\/siglo21.cr\/eng\/2024\/04\/23\/cancer-gastrico\/\"><span class=\"raven-post-button-text\">Know more<\/span><\/a><\/div><\/div><\/div><\/div><\/div><\/div><div class=\"raven-posts-item raven-grid-item\"><div class=\"raven-post-wrapper\"><div class=\"raven-post  raven-post-inside\"><div class=\"raven-post-image-wrap\"><a class=\"raven-post-image\" href=\"https:\/\/siglo21.cr\/eng\/2024\/04\/23\/cancer-de-cabeza-y-cuello\/\"> <img loading=\"lazy\" decoding=\"async\" width=\"350\" height=\"500\" src=\"https:\/\/siglo21.cr\/wp-content\/uploads\/2024\/04\/cancer-de-cabeza-y-cuello.jpg\" class=\"attachment-large size-large wp-image-278\" alt=\"\" srcset=\"https:\/\/siglo21.cr\/wp-content\/uploads\/2024\/04\/cancer-de-cabeza-y-cuello.jpg 350w, https:\/\/siglo21.cr\/wp-content\/uploads\/2024\/04\/cancer-de-cabeza-y-cuello-210x300.jpg 210w\" sizes=\"(max-width: 350px) 100vw, 350px\" \/><span class=\"raven-post-image-overlay\"><\/span><\/a><\/div><div class=\"raven-post-content-container\"><div class=\"raven-post-content\"><h3 class=\"raven-post-title\"><a class=\"raven-post-title-link\" href=\"https:\/\/siglo21.cr\/eng\/2024\/04\/23\/cancer-de-cabeza-y-cuello\/\">Head and neck cancer<\/a><\/h3><div class=\"raven-post-read-more\"><a class=\"raven-post-button\" href=\"https:\/\/siglo21.cr\/eng\/2024\/04\/23\/cancer-de-cabeza-y-cuello\/\"><span class=\"raven-post-button-text\">Know more<\/span><\/a><\/div><\/div><\/div><\/div><\/div><\/div><div class=\"raven-posts-item raven-grid-item\"><div class=\"raven-post-wrapper\"><div class=\"raven-post  raven-post-inside\"><div class=\"raven-post-image-wrap\"><a class=\"raven-post-image\" href=\"https:\/\/siglo21.cr\/eng\/2024\/04\/23\/cancer-de-prostata\/\"> <img loading=\"lazy\" decoding=\"async\" width=\"350\" height=\"500\" src=\"https:\/\/siglo21.cr\/wp-content\/uploads\/2024\/04\/cancer-de-prostata.jpg\" class=\"attachment-large size-large wp-image-275\" alt=\"\" srcset=\"https:\/\/siglo21.cr\/wp-content\/uploads\/2024\/04\/cancer-de-prostata.jpg 350w, https:\/\/siglo21.cr\/wp-content\/uploads\/2024\/04\/cancer-de-prostata-210x300.jpg 210w\" sizes=\"(max-width: 350px) 100vw, 350px\" \/><span class=\"raven-post-image-overlay\"><\/span><\/a><\/div><div class=\"raven-post-content-container\"><div class=\"raven-post-content\"><h3 class=\"raven-post-title\"><a class=\"raven-post-title-link\" href=\"https:\/\/siglo21.cr\/eng\/2024\/04\/23\/cancer-de-prostata\/\">Prostate cancer<\/a><\/h3><div class=\"raven-post-read-more\"><a class=\"raven-post-button\" href=\"https:\/\/siglo21.cr\/eng\/2024\/04\/23\/cancer-de-prostata\/\"><span class=\"raven-post-button-text\">Know more<\/span><\/a><\/div><\/div><\/div><\/div><\/div><\/div><div class=\"raven-posts-item raven-grid-item\"><div class=\"raven-post-wrapper\"><div class=\"raven-post  raven-post-inside\"><div class=\"raven-post-image-wrap\"><a class=\"raven-post-image\" href=\"https:\/\/siglo21.cr\/eng\/2024\/04\/23\/cancer-de-seno\/\"> <img loading=\"lazy\" decoding=\"async\" width=\"350\" height=\"500\" src=\"https:\/\/siglo21.cr\/wp-content\/uploads\/2024\/04\/cancer-de-semo.jpg\" class=\"attachment-large size-large wp-image-272\" alt=\"\" srcset=\"https:\/\/siglo21.cr\/wp-content\/uploads\/2024\/04\/cancer-de-semo.jpg 350w, https:\/\/siglo21.cr\/wp-content\/uploads\/2024\/04\/cancer-de-semo-210x300.jpg 210w\" sizes=\"(max-width: 350px) 100vw, 350px\" \/><span class=\"raven-post-image-overlay\"><\/span><\/a><\/div><div class=\"raven-post-content-container\"><div class=\"raven-post-content\"><h3 class=\"raven-post-title\"><a class=\"raven-post-title-link\" href=\"https:\/\/siglo21.cr\/eng\/2024\/04\/23\/cancer-de-seno\/\">Breast cancer<\/a><\/h3><div class=\"raven-post-read-more\"><a class=\"raven-post-button\" href=\"https:\/\/siglo21.cr\/eng\/2024\/04\/23\/cancer-de-seno\/\"><span class=\"raven-post-button-text\">Know more<\/span><\/a><\/div><\/div><\/div><\/div><\/div><\/div>\t\t\t<\/div>\r\n\t\t\t\t\t<\/div>\r\n\t\t\t\t\t\t<\/div>\n\t\t\t\t<\/div>\n\t\t\t\t<\/div>\n\t\t\t\t<\/div>","protected":false},"excerpt":{"rendered":"<p>Types of Cancer Colorectal Cancer Learn More Cervix Cancer Learn More Gastric Cancer Learn More Head and Neck Cancer Learn More Prostate Cancer Learn More Breast Cancer Learn More<\/p>","protected":false},"author":1,"featured_media":0,"parent":0,"menu_order":0,"comment_status":"closed","ping_status":"closed","template":"elementor_header_footer","meta":{"_acf_changed":false,"inline_featured_image":false,"_joinchat":[],"footnotes":""},"class_list":["post-289","page","type-page","status-publish","hentry"],"acf":[],"yoast_head":"<!-- This site is optimized with the Yoast SEO plugin v25.2 - https:\/\/yoast.com\/wordpress\/plugins\/seo\/ -->\n<title>TIPOS DE C\u00c1NCER - SigloXXI - Centro Me\u0301dico de Radioterapia<\/title>\n<meta name=\"description\" content=\"C\u00e1ncer g\u00e1strico, de pr\u00f3stata, de mama y m\u00e1s. Conozca las terapias y esquemas de tratamiento disponibles para los diferentes tipos de c\u00e1ncer.\" \/>\n<meta name=\"robots\" content=\"index, follow, max-snippet:-1, max-image-preview:large, max-video-preview:-1\" \/>\n<link rel=\"canonical\" href=\"https:\/\/siglo21.cr\/eng\/tipos-de-cancer\/\" \/>\n<meta property=\"og:locale\" content=\"en_US\" \/>\n<meta property=\"og:type\" content=\"article\" \/>\n<meta property=\"og:title\" content=\"TIPOS DE C\u00c1NCER - SigloXXI - Centro Me\u0301dico de Radioterapia\" \/>\n<meta property=\"og:description\" content=\"C\u00e1ncer g\u00e1strico, de pr\u00f3stata, de mama y m\u00e1s. Conozca las terapias y esquemas de tratamiento disponibles para los diferentes tipos de c\u00e1ncer.\" \/>\n<meta property=\"og:url\" content=\"https:\/\/siglo21.cr\/eng\/tipos-de-cancer\/\" \/>\n<meta property=\"og:site_name\" content=\"SigloXXI - Centro Me\u0301dico de Radioterapia\" \/>\n<meta property=\"article:publisher\" content=\"https:\/\/www.facebook.com\/sigloXXIcr\/\" \/>\n<meta property=\"article:modified_time\" content=\"2025-07-16T23:02:24+00:00\" \/>\n<meta property=\"og:image\" content=\"https:\/\/siglo21.cr.sinlimitescr.xyz\/wp-content\/uploads\/2024\/04\/cancer-colorectal.jpg\" \/>\n<meta name=\"twitter:card\" content=\"summary_large_image\" \/>\n<meta name=\"twitter:site\" content=\"@siglo21cr\" \/>\n<meta name=\"twitter:label1\" content=\"Est. reading time\" \/>\n\t<meta name=\"twitter:data1\" content=\"2 minutes\" \/>\n<script type=\"application\/ld+json\" class=\"yoast-schema-graph\">{\"@context\":\"https:\/\/schema.org\",\"@graph\":[{\"@type\":\"WebPage\",\"@id\":\"https:\/\/siglo21.cr\/tipos-de-cancer\/\",\"url\":\"https:\/\/siglo21.cr\/tipos-de-cancer\/\",\"name\":\"TIPOS DE C\u00c1NCER - SigloXXI - Centro Me\u0301dico de Radioterapia\",\"isPartOf\":{\"@id\":\"https:\/\/siglo21.cr\/#website\"},\"primaryImageOfPage\":{\"@id\":\"https:\/\/siglo21.cr\/tipos-de-cancer\/#primaryimage\"},\"image\":{\"@id\":\"https:\/\/siglo21.cr\/tipos-de-cancer\/#primaryimage\"},\"thumbnailUrl\":\"https:\/\/siglo21.cr.sinlimitescr.xyz\/wp-content\/uploads\/2024\/04\/cancer-colorectal.jpg\",\"datePublished\":\"2024-04-23T21:04:43+00:00\",\"dateModified\":\"2025-07-16T23:02:24+00:00\",\"description\":\"C\u00e1ncer g\u00e1strico, de pr\u00f3stata, de mama y m\u00e1s. Conozca las terapias y esquemas de tratamiento disponibles para los diferentes tipos de c\u00e1ncer.\",\"breadcrumb\":{\"@id\":\"https:\/\/siglo21.cr\/tipos-de-cancer\/#breadcrumb\"},\"inLanguage\":\"en-US\",\"potentialAction\":[{\"@type\":\"ReadAction\",\"target\":[\"https:\/\/siglo21.cr\/tipos-de-cancer\/\"]}]},{\"@type\":\"ImageObject\",\"inLanguage\":\"en-US\",\"@id\":\"https:\/\/siglo21.cr\/tipos-de-cancer\/#primaryimage\",\"url\":\"https:\/\/siglo21.cr.sinlimitescr.xyz\/wp-content\/uploads\/2024\/04\/cancer-colorectal.jpg\",\"contentUrl\":\"https:\/\/siglo21.cr.sinlimitescr.xyz\/wp-content\/uploads\/2024\/04\/cancer-colorectal.jpg\"},{\"@type\":\"BreadcrumbList\",\"@id\":\"https:\/\/siglo21.cr\/tipos-de-cancer\/#breadcrumb\",\"itemListElement\":[{\"@type\":\"ListItem\",\"position\":1,\"name\":\"Portada\",\"item\":\"https:\/\/siglo21.cr\/\"},{\"@type\":\"ListItem\",\"position\":2,\"name\":\"TIPOS DE C\u00c1NCER\"}]},{\"@type\":\"WebSite\",\"@id\":\"https:\/\/siglo21.cr\/#website\",\"url\":\"https:\/\/siglo21.cr\/\",\"name\":\"SigloXXI - Centro Me\u0301dico de Radioterapia\",\"description\":\"Centro me\u0301dico de Radioterapia Siglo XXI esta\u0301 enfocado en la atencio\u0301n del paciente oncolo\u0301gico, alta tecnologi\u0301a para combatir el ca\u0301ncer\",\"publisher\":{\"@id\":\"https:\/\/siglo21.cr\/#organization\"},\"potentialAction\":[{\"@type\":\"SearchAction\",\"target\":{\"@type\":\"EntryPoint\",\"urlTemplate\":\"https:\/\/siglo21.cr\/?s={search_term_string}\"},\"query-input\":{\"@type\":\"PropertyValueSpecification\",\"valueRequired\":true,\"valueName\":\"search_term_string\"}}],\"inLanguage\":\"en-US\"},{\"@type\":\"Organization\",\"@id\":\"https:\/\/siglo21.cr\/#organization\",\"name\":\"SigloXXI - Centro Me\u0301dico de Radioterapia\",\"url\":\"https:\/\/siglo21.cr\/\",\"logo\":{\"@type\":\"ImageObject\",\"inLanguage\":\"en-US\",\"@id\":\"https:\/\/siglo21.cr\/#\/schema\/logo\/image\/\",\"url\":\"https:\/\/siglo21.cr\/wp-content\/uploads\/2024\/04\/logo-siglo-21-radioterapia.png\",\"contentUrl\":\"https:\/\/siglo21.cr\/wp-content\/uploads\/2024\/04\/logo-siglo-21-radioterapia.png\",\"width\":255,\"height\":90,\"caption\":\"SigloXXI - Centro Me\u0301dico de Radioterapia\"},\"image\":{\"@id\":\"https:\/\/siglo21.cr\/#\/schema\/logo\/image\/\"},\"sameAs\":[\"https:\/\/www.facebook.com\/sigloXXIcr\/\",\"https:\/\/x.com\/siglo21cr\",\"https:\/\/www.instagram.com\/radioterapia_siglo21\/\",\"https:\/\/www.youtube.com\/channel\/UCOp1HTiyQqULVE_JHqIX_zQ\"]}]}<\/script>\n<!-- \/ Yoast SEO plugin. -->","yoast_head_json":{"title":"TIPOS DE C\u00c1NCER - SigloXXI - Centro Me\u0301dico de Radioterapia","description":"C\u00e1ncer g\u00e1strico, de pr\u00f3stata, de mama y m\u00e1s. Conozca las terapias y esquemas de tratamiento disponibles para los diferentes tipos de c\u00e1ncer.","robots":{"index":"index","follow":"follow","max-snippet":"max-snippet:-1","max-image-preview":"max-image-preview:large","max-video-preview":"max-video-preview:-1"},"canonical":"https:\/\/siglo21.cr\/eng\/tipos-de-cancer\/","og_locale":"en_US","og_type":"article","og_title":"TIPOS DE C\u00c1NCER - SigloXXI - Centro Me\u0301dico de Radioterapia","og_description":"C\u00e1ncer g\u00e1strico, de pr\u00f3stata, de mama y m\u00e1s. Conozca las terapias y esquemas de tratamiento disponibles para los diferentes tipos de c\u00e1ncer.","og_url":"https:\/\/siglo21.cr\/eng\/tipos-de-cancer\/","og_site_name":"SigloXXI - Centro Me\u0301dico de Radioterapia","article_publisher":"https:\/\/www.facebook.com\/sigloXXIcr\/","article_modified_time":"2025-07-16T23:02:24+00:00","og_image":[{"url":"https:\/\/siglo21.cr.sinlimitescr.xyz\/wp-content\/uploads\/2024\/04\/cancer-colorectal.jpg","type":"","width":"","height":""}],"twitter_card":"summary_large_image","twitter_site":"@siglo21cr","twitter_misc":{"Est. reading time":"2 minutes"},"schema":{"@context":"https:\/\/schema.org","@graph":[{"@type":"WebPage","@id":"https:\/\/siglo21.cr\/tipos-de-cancer\/","url":"https:\/\/siglo21.cr\/tipos-de-cancer\/","name":"TIPOS DE C\u00c1NCER - SigloXXI - Centro Me\u0301dico de Radioterapia","isPartOf":{"@id":"https:\/\/siglo21.cr\/#website"},"primaryImageOfPage":{"@id":"https:\/\/siglo21.cr\/tipos-de-cancer\/#primaryimage"},"image":{"@id":"https:\/\/siglo21.cr\/tipos-de-cancer\/#primaryimage"},"thumbnailUrl":"https:\/\/siglo21.cr.sinlimitescr.xyz\/wp-content\/uploads\/2024\/04\/cancer-colorectal.jpg","datePublished":"2024-04-23T21:04:43+00:00","dateModified":"2025-07-16T23:02:24+00:00","description":"C\u00e1ncer g\u00e1strico, de pr\u00f3stata, de mama y m\u00e1s. Conozca las terapias y esquemas de tratamiento disponibles para los diferentes tipos de c\u00e1ncer.","breadcrumb":{"@id":"https:\/\/siglo21.cr\/tipos-de-cancer\/#breadcrumb"},"inLanguage":"en-US","potentialAction":[{"@type":"ReadAction","target":["https:\/\/siglo21.cr\/tipos-de-cancer\/"]}]},{"@type":"ImageObject","inLanguage":"en-US","@id":"https:\/\/siglo21.cr\/tipos-de-cancer\/#primaryimage","url":"https:\/\/siglo21.cr.sinlimitescr.xyz\/wp-content\/uploads\/2024\/04\/cancer-colorectal.jpg","contentUrl":"https:\/\/siglo21.cr.sinlimitescr.xyz\/wp-content\/uploads\/2024\/04\/cancer-colorectal.jpg"},{"@type":"BreadcrumbList","@id":"https:\/\/siglo21.cr\/tipos-de-cancer\/#breadcrumb","itemListElement":[{"@type":"ListItem","position":1,"name":"Portada","item":"https:\/\/siglo21.cr\/"},{"@type":"ListItem","position":2,"name":"TIPOS DE C\u00c1NCER"}]},{"@type":"WebSite","@id":"https:\/\/siglo21.cr\/#website","url":"https:\/\/siglo21.cr\/","name":"SigloXXI - Centro Me\u0301dico de Radioterapia","description":"Centro me\u0301dico de Radioterapia Siglo XXI esta\u0301 enfocado en la atencio\u0301n del paciente oncolo\u0301gico, alta tecnologi\u0301a para combatir el ca\u0301ncer","publisher":{"@id":"https:\/\/siglo21.cr\/#organization"},"potentialAction":[{"@type":"SearchAction","target":{"@type":"EntryPoint","urlTemplate":"https:\/\/siglo21.cr\/?s={search_term_string}"},"query-input":{"@type":"PropertyValueSpecification","valueRequired":true,"valueName":"search_term_string"}}],"inLanguage":"en-US"},{"@type":"Organization","@id":"https:\/\/siglo21.cr\/#organization","name":"SigloXXI - Centro Me\u0301dico de Radioterapia","url":"https:\/\/siglo21.cr\/","logo":{"@type":"ImageObject","inLanguage":"en-US","@id":"https:\/\/siglo21.cr\/#\/schema\/logo\/image\/","url":"https:\/\/siglo21.cr\/wp-content\/uploads\/2024\/04\/logo-siglo-21-radioterapia.png","contentUrl":"https:\/\/siglo21.cr\/wp-content\/uploads\/2024\/04\/logo-siglo-21-radioterapia.png","width":255,"height":90,"caption":"SigloXXI - Centro Me\u0301dico de Radioterapia"},"image":{"@id":"https:\/\/siglo21.cr\/#\/schema\/logo\/image\/"},"sameAs":["https:\/\/www.facebook.com\/sigloXXIcr\/","https:\/\/x.com\/siglo21cr","https:\/\/www.instagram.com\/radioterapia_siglo21\/","https:\/\/www.youtube.com\/channel\/UCOp1HTiyQqULVE_JHqIX_zQ"]}]}},"_links":{"self":[{"href":"https:\/\/siglo21.cr\/eng\/wp-json\/wp\/v2\/pages\/289","targetHints":{"allow":["GET"]}}],"collection":[{"href":"https:\/\/siglo21.cr\/eng\/wp-json\/wp\/v2\/pages"}],"about":[{"href":"https:\/\/siglo21.cr\/eng\/wp-json\/wp\/v2\/types\/page"}],"author":[{"embeddable":true,"href":"https:\/\/siglo21.cr\/eng\/wp-json\/wp\/v2\/users\/1"}],"replies":[{"embeddable":true,"href":"https:\/\/siglo21.cr\/eng\/wp-json\/wp\/v2\/comments?post=289"}],"version-history":[{"count":13,"href":"https:\/\/siglo21.cr\/eng\/wp-json\/wp\/v2\/pages\/289\/revisions"}],"predecessor-version":[{"id":304,"href":"https:\/\/siglo21.cr\/eng\/wp-json\/wp\/v2\/pages\/289\/revisions\/304"}],"wp:attachment":[{"href":"https:\/\/siglo21.cr\/eng\/wp-json\/wp\/v2\/media?parent=289"}],"curies":[{"name":"wp","href":"https:\/\/api.w.org\/{rel}","templated":true}]}}